se -3*z + 4 = -2*z. What is the remainder when z is divided by 4?
0
Let c(u) = 3*u + 17. Let m(f) = f + 1. Let k(d) = c(d) - 2*m(d). Suppose 5 = 4*z + 1. What is the remainder when k(-14) is divided by z?
0
Suppose -2*q - j = 4*j - 28, 3*j + 70 = 5*q. Let f = q + -10. Suppose 3*n - 11 - f = 0. Calculate the remainder when 9 is divided by n.
4
Let y = 154 - 107. Suppose -3*b + 55 + 20 = 0. What is the remainder when y is divided by b?
22
Suppose -12 = -s - 3*h + h, -4*s + 41 = h. What is the remainder when 18 is divided by s?
8
Suppose 0 = 5*x - 35 - 40. Calculate the remainder when 44 is divided by x.
14
Let w = -180 + 259. Suppose -3*t = -5*i - w, 59 = 3*t - 0*t + 5*i. Calculate the remainder when t is divided by 12.
11
What is the remainder when 66 is divided by 22 + 3/(12/4)?
20
Calculate the remainder when (558/(-12))/((-6)/4) is divided by -22*(6/(-4) - -1).
9
Let y(b) = b**2 - b - 1. Let j(l) = -6*l**2 - l - 2. Let a(g) = -j(g) - 5*y(g). Calculate the remainder when a(-7) is divided by 8.
6
Let w = -18 - -30. Calculate the remainder when w is divided by 5.
2
Let y(u) = 3*u - 7. Calculate the remainder when 17 - (0/(-6) + -2) is divided by y(6).
8
What is the remainder when 46 is divided by ((-1)/2)/(25/(-900))?
10
Let v be 5/((-15)/2)*-30. Suppose 0 = -5*c - y + 20, -5*c + v = -5*y + 4*y. Suppose -b - c + 16 = 0. Calculate the remainder when 35 is divided by b.
11
Suppose -1 = 5*a + 4. What is the remainder when 30 is divided by (1/2)/(a/(-22))?
8
Let m(h) = h**3 + 5*h**2 + 2*h. Let x = -59 - -81. Calculate the remainder when x is divided by m(-4).
6
Suppose -8 = 2*v - 2*j - 42, 15 = -5*j. Calculate the remainder when 37 is divided by v.
9
Suppose -s + 6 = -0*s - w, -4*w - 12 = -2*s. Suppose -g = -s*g + 15. Suppose g*t = 24 + 24. Calculate the remainder when t is divided by 9.
7
Suppose 2*n - 13 = 5*g, n + g = -g + 29. Calculate the remainder when 91 is divided by n.
15
Suppose 110 = -0*f + 5*f. Calculate the remainder when 42 is divided by f.
20
Let j = -11 + 21. What is the remainder when 29 is divided by j?
9
Let x be 3*12/45*-5. Calculate the remainder when (-34)/(2*2/x) is divided by (1/2)/((-1)/(-24)).
10
What is the remainder when (-4)/(-6) + (-2061)/(-27) is divided by 21?
14
Suppose -4*f - 8 = 3*h, 3*h - 1 - 7 = 4*f. Let m = 8 - 17. What is the remainder when (-309)/m + f/(-3) is divided by 12?
11
Let k = -190 - -488. What is the remainder when k is divided by 43?
40
Let l = -21 - -36. Calculate the remainder when 86 is divided by l.
11
Let b(z) = 21*z**2 + z + 1. Let h be b(-2). Let n = -46 + h. Calculate the remainder when n is divided by 19.
18
Let a(c) = -c**3 - c**2 - 3*c - 1. Let g = -16 - -14. What is the remainder when 15 + 1 + (0 - 0) is divided by a(g)?
7
Suppose b + 2*b + 6 = 0. Let c = 1 + 10. What is the remainder when (34 + b)/(0 - -1) is divided by c?
10
Suppose 3*d = -2*f + 52, 0*f + 108 = 5*d - 2*f. Suppose -5*u + d = -45. Calculate the remainder when 49 is divided by u.
10
Let s = -13 - -19. Calculate the remainder when 62 is divided by 130/s - 2/3.
20
Suppose 6*n = 8*n - 4. Suppose 0*f + 2*f = 0. Suppose f = -r + n + 35. What is the remainder when r is divided by 13?
11
Suppose 0 = 2*q + q - 75. Let t = -21 - -50. Suppose -f + t = -5*g, 4*g - 10 - 19 = -5*f. What is the remainder when q is divided by f?
7
Let d(p) = 5*p**2 + p + 5. Calculate the remainder when 89 is divided by d(-2).
20
Let i = 10 - 6. Suppose -i*r + 58 = -10. Calculate the remainder when r is divided by 9.
8
Let r(c) = c - 4. Let a be r(2). What is the remainder when (0 + 1)*(-22)/a is divided by (16/(-4))/(4/(-6))?
5
Let h = 46 - 27. Let w = 3 - 7. What is the remainder when h is divided by ((-2)/6)/(w/120)?
9
Suppose 2*d - 5*d + 30 = 0. Calculate the remainder when 28 is divided by d.
8
Suppose 2*k + 20 = 60. Suppose 0 = -3*f + 7*f - 16. Suppose -f*x + 21 + 19 = -5*b, -5*b = k. Calculate the remainder when x is divided by 3.
2
Suppose 2*j = -j + 120. Calculate the remainder when j is divided by (-21)/(-1) + 0/(-124).
19
Let y = -7 + 12. Suppose 4*b - 142 = y*k, -3*b + 4*k - 35 + 141 = 0. Calculate the remainder when b is divided by 13.
12
Let k be 21*(0 + 2 - 1). Suppose -4*q + k = -q. What is the remainder when q is divided by 4?
3
Let t = 0 + 0. Suppose 2*j - 4*i = 4, -4*j + 6*i - 3*i + 18 = t. What is the remainder when (6 - 2) + (-2 - (0 + -20)) is divided by j?
4
Let h be -2*(-2)/(-4) - 2. Let l = 17 + h. What is the remainder when l is divided by 8?
6
Suppose -3*i + 4*d = -64, -d + 0*d - 41 = -2*i. Calculate the remainder when 59 is divided by i.
19
Suppose -76 = -7*d + 22. What is the remainder when 25 is divided by d?
11
Suppose -1 - 19 = -4*u. Suppose -49 = -u*o + 46. What is the remainder when o is divided by 7?
5
What is the remainder when 96 is divided by 6/24 + 110/8?
12
Let o = -6 + 4. Let z = o + 7. Calculate the remainder when 12 is divided by z.
2
Suppose 0*r - 5*r - 35 = 0. Let w = 0 - r. Suppose 3*h = 2*h + w. What is the remainder when h is divided by 3?
1
Calculate the remainder when (7*-1)/(4/(-12)) is divided by 12.
9
Let f = -7 + 12. Suppose -2*w + 13 = 3*a - 13, 5*a = 0. Calculate the remainder when w is divided by f + 0*(2 - 1).
3
Suppose -4*m + 12 = -12. Suppose -5*c + 4 = -m. Suppose c*u = 6*u - 84. Calculate the remainder when u is divided by 11.
10
Suppose -6*a + a = -3*d - 25, -5*a = 2*d. Let n(m) = 13*m - 2. Calculate the remainder when n(a) is divided by 13.
11
Suppose 4*f = f + r + 27, -39 = -3*f - 3*r. Calculate the remainder when 16 is divided by f.
6
Let m = 9 + -5. Suppose 4*v + 5*k = 25, 0*v + 24 = 4*v + m*k. Suppose -4*l - v = -109. Calculate the remainder when 76 is divided by l.
24
Suppose -3*t - 4 = 4*a, 0 = 2*a + 3 - 1. Let h(v) = -v**2 + 5*v - 4. What is the remainder when h(3) is divided by (t - -2)/2 - -1?
0
Suppose 3*q - 11 = m + 21, 37 = 3*q + 4*m. Suppose -i + 2*i = 14. Calculate the remainder when q is divided by i*(0 - 1/(-2)).
4
Suppose 7*v - 9*v + 84 = 0. Suppose 3*q - 6*q + v = 0. Calculate the remainder when q is divided by 5.
4
Let o be 2*15 + -4 + 2. Let j = 8 + -4. Let k = j + o. Calculate the remainder when k is divided by 11.
10
Suppose w - 21 + 7 = 0. Let d be -2*(-3)/2 + 0. Let c = 11 - d. What is the remainder when w is divided by c?
6
Let y = -111 - -74. Calculate the remainder when 44/3*3/2 is divided by y/(-3) - (-2)/(-6).
10
Calculate the remainder when 19 is divided by (-8)/6 + (-84)/(-9).
3
Let s = 100 - 69. Let m(a) = a**2 + 10*a + 9. Let y be m(-10). Calculate the remainder when s is divided by 156/15 + y/15.
9
Let o(d) = d**3 + 5*d**2 + 9*d + 12. What is the remainder when o(-3) is divided by 2?
1
Suppose -4*p + 4*w + 88 = 0, 2*w = 4*p + w - 79. Let s = -20 + 54. Let k = s + 3. Calculate the remainder when k is divided by p.
18
Suppose -k = -4*z - 4, -2*z = 5*k - z - 20. Suppose -k = -o + 23. Calculate the remainder when o is divided by 14.
13
Let f(m) = 15*m - 3. Calculate the remainder when f(1) is divided by 9.
3
Let p(t) = -t**3 - 8*t**2 + 3. Let h be p(-8). Suppose -3*a + a = -4*m + 74, -89 = -4*m - h*a. Let f = m + -6. Calculate the remainder when f is divided by 8.
6
Calculate the remainder when 31 is divided by 3 + -3 + 4 + 4.
7
Calculate the remainder when (-44)/(3 + -5) + 4 is divided by (6/4)/((-1)/(-6)).
8
Let s = 3 + -3. Suppose -5*x + 4*b + 0*b = -48, s = -3*x + 2*b + 30. Calculate the remainder when 22 is divided by x.
10
Suppose 0 = -8*u + 3 + 53. Calculate the remainder when 8 is divided by u.
1
Let z = -24 - -31. Calculate the remainder when 13 is divided by z.
6
Let h(q) = -2*q**3 + q**2 + q + 2. Let u be h(-2). Let c = u - -6. What is the remainder when c is divided by 9?
8
Suppose 0 = -t - 3*t - 2*d + 12, 15 = 5*t - d. What is the remainder when 5 is divided by t?
2
Let g(w) = w + 18. Calculate the remainder when g(11) is divided by 8.
5
Let y(m) = -20*m + 5. Let s(g) = -19*g + 4. Let n(t) = 7*s(t) - 6*y(t). What is the remainder when 21 is divided by n(-1)?
10
Suppose 0*i - 232 = 4*i. Let c = -40 - i. What is the remainder when 35 is divided by c?
17
Let w = -44 - -89. What is the remainder when w is divided by 16?
13
Suppose -20*h + 22*h - 24 = 0. Suppose 3*q = 4*s - 205, 2*s - 127 = -3*q - 38. Let c = -3 + s. What is the remainder when c is